hat is the highest common factor of 1950 and 20850?
150
Calculate the highest common divisor of 575 and 2185.
115
What is the greatest common divisor of 251566 and 6946?
302
Calculate the highest common factor of 19604 and 583596.
1508
What is the highest common factor of 13824 and 183808?
512
Calculate the greatest common factor of 38360 and 127960.
280
What is the highest common divisor of 1274351 and 1586?
793
Calculate the highest common divisor of 702 and 1566.
54
Calculate the greatest common factor of 49 and 33075.
49
Calculate the highest common factor of 14979 and 4.
1
What is the greatest common divisor of 70942 and 1106?
158
What is the greatest common divisor of 2067 and 1925066?
689
What is the highest common divisor of 516 and 263676?
516
Calculate the greatest common divisor of 2852 and 7866.
46
Calculate the highest common divisor of 236 and 817032.
236
Calculate the greatest common divisor of 48 and 1372488.
24
What is the greatest common divisor of 272384 and 532?
532
Calculate the greatest common divisor of 367 and 3572011.
367
What is the highest common factor of 134 and 530372?
134
Calculate the highest common factor of 1054 and 806.
62
Calculate the greatest common factor of 3438 and 5517.
9
What is the highest common factor of 5380 and 1146478?
538
What is the greatest common factor of 168 and 27608?
56
Calculate the greatest common factor of 12663 and 819.
63
What is the greatest common factor of 1206805 and 40?
5
Calculate the greatest common factor of 32437 and 3423.
163
Calculate the greatest common factor of 215145 and 1008.
63
Calculate the greatest common divisor of 626 and 163073.
313
Calculate the greatest common divisor of 276 and 2438322.
138
What is the greatest common factor of 759402 and 4116?
2058
What is the highest common factor of 290 and 885515?
145
Calculate the greatest common factor of 658 and 863296.
658
What is the highest common factor of 4802 and 31850?
98
What is the highest common divisor of 33539 and 11?
11
Calculate the highest common factor of 221925 and 9075.
825
Calculate the highest common divisor of 8540 and 2535.
5
What is the highest common divisor of 110370 and 5943?
849
What is the greatest common divisor of 308 and 9988?
44
What is the highest common divisor of 1032 and 2724480?
1032
What is the highest common factor of 1293804 and 306?
18
Calculate the greatest common divisor of 22393 and 196.
49
Calculate the highest common divisor of 7 and 7441.
7
What is the highest common divisor of 10731 and 8760?
219
What is the highest common factor of 50920 and 1640?
40
Calculate the highest common divisor of 6777 and 1431.
27
Calculate the greatest common factor of 225 and 978575.
25
What is the highest common factor of 33 and 7557?
33
What is the highest common divisor of 21 and 6522?
3
Calculate the greatest common factor of 7693 and 91.
7
What is the greatest common divisor of 9 and 20211?
3
Calculate the highest common factor of 333 and 24087.
111
Calculate the highest common factor of 369240 and 20.
20
Calculate the greatest common divisor of 833 and 651049.
119
What is the highest common factor of 760 and 282910?
190
What is the greatest common divisor of 487007 and 1?
1
Calculate the highest common factor of 28620 and 9180.
540
Calculate the greatest common factor of 214 and 439877.
107
What is the greatest common factor of 87348 and 29?
29
What is the greatest common factor of 6035579 and 313?
313
Calculate the greatest common divisor of 240080 and 80.
80
Calculate the highest common factor of 5695 and 4010.
5
Calculate the highest common divisor of 2478 and 112.
14
Calculate the highest common divisor of 3318 and 8690.
158
What is the greatest common divisor of 451934 and 266?
266
What is the greatest common divisor of 918 and 2670462?
918
Calculate the highest common divisor of 12186 and 28278.
18
What is the highest common factor of 14 and 102564?
14
Calculate the greatest common divisor of 6555760 and 40.
40
Calculate the highest common divisor of 28 and 152474.
14
Calculate the highest common divisor of 9310 and 75411.
931
Calculate the greatest common divisor of 34846 and 18753.
133
Calculate the greatest common factor of 283 and 4592807.
283
Calculate the greatest common divisor of 1080 and 1880.
40
What is the highest common factor of 2070 and 1840?
230
Calculate the highest common factor of 32 and 3231632.
16
What is the highest common factor of 610412 and 11?
11
Calculate the highest common factor of 12 and 391912.
4
What is the highest common divisor of 915 and 64095?
15
What is the greatest common factor of 280 and 29330?
70
What is the greatest common divisor of 3289619 and 17?
17
What is the greatest common factor of 368 and 37168?
368
What is the highest common factor of 48080 and 420?
20
What is the highest common divisor of 6864380 and 60?
20
Calculate the highest common factor of 144 and 203200.
16
Calculate the greatest common factor of 3968 and 35648.
64
Calculate the greatest common factor of 968 and 6996.
44
What is the greatest common factor of 104329 and 1445?
289
Calculate the highest common divisor of 20950 and 1075.
25
What is the highest common divisor of 2784 and 55392?
96
Calculate the greatest common divisor of 12 and 2967564.
12
Calculate the greatest common factor of 9 and 71001.
9
Calculate the greatest common divisor of 5562 and 13493.
103
Calculate the highest common factor of 27685902 and 1626.
1626
Calculate the greatest common factor of 90 and 48798.
18
Calculate the highest common factor of 6 and 88077.
3
What is the greatest common divisor of 120124 and 236?
236
Calculate the highest common factor of 352 and 1104.
16
What is the highest common factor of 61408 and 303?
101
Calculate the highest common divisor of 939196 and 4.
4
Calculate the greatest common factor of 2629 and 979.
11
Calculate the greatest common divisor of 330314 and 3170.
634
What is the highest common divisor of 432 and 81918?
54
What is the highest common divisor of 78 and 10962?
6
What is the highest common divisor of 3824 and 478?
478
Calculate the highest common factor of 90 and 29130.
30
What is the highest common divisor of 82075 and 25?
25
Calculate the highest common divisor of 146 and 696785.
73
What is the greatest common divisor of 368816 and 6853?
623
Calculate the greatest common divisor of 304 and 87476.
76
What is the highest common divisor of 13692 and 210?
42
What is the greatest common factor of 430290 and 27090?
630
What is the highest common divisor of 76293 and 7056?
441
Calculate the highest common divisor of 134028 and 1377.
459
Calculate the highest common divisor of 172 and 1116.
4
Calculate the greatest common divisor of 2730 and 56940.
390
Calculate the highest common divisor of 13834968 and 12.
12
Calculate the highest common divisor of 7832 and 256.
8
Calculate the greatest common divisor of 12278 and 336.
14
What is the greatest common factor of 350898 and 1004?
502
Calculate the greatest common factor of 1700 and 36635.
85
Calculate the greatest common divisor of 494763 and 1494.
249
Calculate the highest common divisor of 968 and 4272268.
484
Calculate the highest common divisor of 6 and 2402004.
6
Calculate the highest common factor of 590 and 37170.
590
Calculate the greatest common divisor of 297486 and 1134.
378
What is the highest common divisor of 29232 and 1363?
29
What is the greatest common divisor of 7485 and 30?
15
What is the highest common factor of 1185 and 16500?
15
What is the greatest common divisor of 128438 and 298?
298
Calculate the highest common divisor of 410 and 2758562.
82
Calculate the highest common divisor of 93 and 12165.
3
What is the highest common divisor of 343222 and 110?
22
Calculate the highest common divisor of 664 and 56191.
83
Calculate the greatest common factor of 255 and 47685.
255
Calculate the greatest common factor of 1952 and 190198.
122
What is the highest common divisor of 704 and 298?
2
Calculate the highest common divisor of 103168 and 14911.
403
Calculate the greatest common factor of 3031 and 24164.
7
What is the highest common divisor of 33741 and 759?
69
Calculate the highest common divisor of 18440 and 160.
40
Calculate the greatest common divisor of 154000 and 33.
11
Calculate the